, 2903
Let b(m) = 580*m**3 - 6*m**2 - 13*m + 45. What are the prime factors of b(3)?
2, 3, 1301
Suppose 5856368 = 489*m + 542850 - 5064040. What are the prime factors of m?
2, 3, 131
Let f(g) = 3*g**3 + 88*g**2 + 43*g + 92. List the prime factors of f(-25).
2, 3571
Let i(y) = 852*y - 105. What are the prime factors of i(3)?
3, 19, 43
Let y = -357 - -335. List the prime factors of (y/4 - (-8 - -6))*-14.
7
Let x = 50 - 8. Suppose -39*o - 1272 = -x*o. List the prime factors of o.
2, 53
Let k(y) = 190*y**2 - 49*y + 15. List the prime factors of k(9).
2, 3, 29, 43
Suppose 119*o - 124*o + 3*h = -12390, 0 = 2*h - 10. What are the prime factors of o?
3, 827
Suppose 18*a - 357 = 11*a. Let o(u) = u**2 + 2*u + 6. Let d be o(-5). Let m = a - d. List the prime factors of m.
2, 3, 5
Suppose o - 698 = 2*t, 4*o + 14*t - 16*t - 2774 = 0. What are the prime factors of (o/10 - -2)*5?
2, 89
Let v be (9 - 11) + (1 - 87). What are the prime factors of (v/33)/((-1)/57)?
2, 19
Let u be (24/(-10))/(3 + 106/(-35)). Let g be (-6)/(-39) + u/(-39). Let s(h) = -h**3 - h**2 + h + 2. List the prime factors of s(g).
2
Let q = 16024 - 5763. What are the prime factors of q?
31, 331
Suppose 0 = -111*s + 786825 + 1343931. List the prime factors of s.
2, 4799
Suppose k = 3*k + 56. Let r be (-4)/k + 356/7. Suppose -b - 2*b + 234 = 4*d, 0 = -d + 3*b + r. List the prime factors of d.
3, 19
Let y = 38798 - -11933. List the prime factors of y.
97, 523
Suppose -4*i + 2*i + 20753 = 3*j, 0 = 3*j + 4*i - 20755. What are the prime factors of j?
6917
Suppose 2*a = -a - z - 45, 2*a = -3*z - 30. What are the prime factors of 40*((-36)/14)/(a/112)?
2, 3
Let z(c) = 3*c + 10. Let d be z(7). Let w = 981 - 972. Suppose w = 4*r - d. What are the prime factors of r?
2, 5
Let j(n) = n**2 + 24*n - 21. Let u be j(-25). Suppose -19 = -u*m + 1. Suppose 77 = 4*h + m. What are the prime factors of h?
2, 3
Let s = -237 - -342. Suppose 3*x - 582 - s = 3*l, 0 = -2*x - 4*l + 476. What are the prime factors of x?
2, 29
Let m be 2/(-3)*5*12/(-8). Let l(o) = 228*o - 24. List the prime factors of l(m).
2, 3, 31
Suppose -12*x - 6 = -11*x. Let p be 3/x + (-4)/((-8)/3). What are the prime factors of p/(4 + 135/(-34))?
2, 17
What are the prime factors of 1/(2/2 + 4/(-6)) - -4166?
11, 379
Let j be (-50547)/(-116) + (-1)/(-8)*2. Let b = 727 - j. What are the prime factors of b?
3, 97
Let x be 1/(-12) + 449909/(-516). Let h = x + 1999. List the prime factors of h.
7, 23
List the prime factors of 15/(-9)*(-5 + 2) + 5582.
37, 151
Let s(o) = 21*o - 83. Let c be s(-6). Let x = -97 - c. List the prime factors of x.
2, 7
Let y = -31 + 25. Let l(q) be the third derivative of q**5/30 + q**4/4 - q**3/6 - 23*q**2. List the prime factors of l(y).
5, 7
Suppose 2*v - 2*t - 14 = 0, -3*v + 3*t = -2*t - 29. Suppose -v*n = -n - 334. Suppose 3*o - 157 = n. List the prime factors of o.
2, 3
Let z be 15/25 + (252/(-15))/(-2). Let a(w) = -13*w**3 - 8*w**2 - 5*w - 12 + 14*w**3 + 0*w. List the prime factors of a(z).
2, 3
Let t = 132 - 199. Let x = -71 - t. What are the prime factors of (4/(-6))/(x/246)?
41
Let m = 220 + -219. Let b(g) = 275*g**2 + 7*g - 7. List the prime factors of b(m).
5, 11
Suppose 2*d + 2*s = 18, -5*d + 16 = -s - 11. Let i(f) = 3*f - 17. Let p be i(d). What are the prime factors of (-7)/(-1)*(5 - p - 0)?
2, 7
Let d(v) = 446*v**2 - 31*v + 2. Let y be (8/(-24))/((-4)/(-24)). List the prime factors of d(y).
2, 3, 7, 11
Let s(d) = -2*d**3 - 11*d**2 + 176*d + 1344. What are the prime factors of s(-8)?
2
Let w = 73368 - 42071. List the prime factors of w.
7, 17, 263
Suppose -42149 + 146808 = 3*o + 5*m, -2*m - 174473 = -5*o. What are the prime factors of o?
3, 3877
Let a = -79 - -84. Let v be 3*(1128/45 - 2/a). Let r = v + 142. List the prime factors of r.
2, 3
Let i be (-12 + 13)/(2/(-12)). Let b(m) = -22*m - 18. Let r be b(i). Let u = 222 - r. What are the prime factors of u?
2, 3
Let l = -58 - -641. Suppose l*h = 588*h - 3090. What are the prime factors of h?
2, 3, 103
Let u(k) = -k**3 - 11*k**2 - 3*k - 11. Let f be u(-11). Let w = 14 - f. What are the prime factors of (-6)/w*6*26?
3, 13
Suppose 87*h - 474 = 48. Let r = -2 - -4. Suppose -2*o + 2*f = -98, -3*f + h*f + 96 = r*o. List the prime factors of o.
3, 17
Let r = -52 - -58. Let w = 12 - r. Suppose 216 + w = 2*l. What are the prime factors of l?
3, 37
Suppose 2*l = -4*g + 18, 3*g + g = 3*l + 13. List the prime factors of -6*g/12 + 452.
2, 3, 5
Let h(y) = 1050*y**3 - 2*y**2 - 3*y + 2. What are the prime factors of h(1)?
3, 349
Let a = -2339 + 1935. Let u be ((-1)/2 + 0)*412. Let o = u - a. List the prime factors of o.
2, 3, 11
Suppose -36*b = -2063359 + 557623. List the prime factors of b.
2, 3, 6971
Let b = -11581 + 24914. What are the prime factors of b?
67, 199
Suppose -4*f - 113 = -3*q - 361, -124 = -2*f + 4*q. Let w(r) = r**3 + 3*r**2 + 8*r - 2. Let h be w(-4). Let c = h + f. List the prime factors of c.
2, 3
Suppose 2*s - 5*i - 25 = 0, 10 + 0 = 5*s - 2*i. Let o be (s - -628) + (27 - 23). List the prime factors of o/7 + (-30)/105.
2, 3, 5
Let s = -298 - -213. Suppose -12*b - 1092 = -8*b. Let r = s - b. List the prime factors of r.
2, 47
Suppose 3*n - 1 - 2 = 0. Suppose -q = -2*q + n. List the prime factors of q - -1 - ((-4)/(-1) - 20).
2, 3
Let g(a) = -76*a + 1550. What are the prime factors of g(-29)?
2, 1877
Let f(p) = 12*p - 188. Let t be f(16). Suppose -2*v = -0*v - t*g - 196, -190 = -2*v + g. List the prime factors of v.
2, 47
Suppose -161 + 53 = -18*z. List the prime factors of ((-2)/z)/((40/(-8))/3090).
2, 103
Let m(l) = l**2 + 19*l - 32. Let y be m(-21). Suppose -y*k = k - 12023. What are the prime factors of k?
1093
Suppose 5*d + 3 = -7. Let h be (-2 - 1 - d)*-1. What are the prime factors of (h - 12/9)/(1/(-492))?
2, 41
Suppose 0 = 24*p + 81*p - 1625400. List the prime factors of p.
2, 3, 5, 43
Suppose -3*j + 40 = -26. Let n(o) = o**2 - 14*o - 40. List the prime factors of n(j).
2, 17
Let i(z) = -z**2 + 12*z + 29. Let g be i(15). Let d(t) = -23*t + 122. What are the prime factors of d(g)?
2, 5, 7
Let t(u) = -2*u**2 + 3*u**2 + 100 - 17*u + 24*u - 24*u. What are the prime factors of t(31)?
2, 3, 89
Suppose -55*z = -3*g - 60*z + 5089, -3*g + 5113 = -z. What are the prime factors of g?
13, 131
Let d be 4 - 3/1*-1. Suppose d*i - 4*i - 24 = 0. List the prime factors of (-2)/((-4)/(9*i)).
2, 3
Suppose 6*q - 11*q = -4010. Suppose -10*s = -14008 - q. List the prime factors of s.
1481
Let h(n) = 3 + 4*n**2 + 3*n - 8*n + 3 - 3*n**2. Let u be h(6). List the prime factors of u/(-8)*(-87 + 5).
3, 41
Suppose b + 2*l = -4 - 6, 4*b - 2*l = -20. What are the prime factors of (b/1)/((-45)/7230)?
2, 241
Let t = -58 - -58. Suppose -5*g + 1601 = 3*s - t*s, 3*g - 963 = -s. List the prime factors of g.
2, 7, 23
Let f(r) = r**3 - 9*r**2 + 15*r - 3. Let q be f(7). Suppose -5*j = -10*w + 5*w - 3890, -q*w = -5*j + 3894. What are the prime factors of j?
2, 17, 23
Suppose -135*y = -134*y - 2675. Suppose 0 = -6*i + y + 1585. List the prime factors of i.
2, 5, 71
Suppose -4*k + 4*y + 8 = 0, -7 + 19 = -3*y. What are the prime factors of (21/(-6) - -2)*k - -29?
2
Let j(x) = -2*x**3 - 5*x**2 - 5*x - 3. Let k be j(-2). Suppose -20 = -k*l + 4. List the prime factors of l/(-16)*(-106 - 0).
53
Let r be 27/12 + (-2)/8. Suppose -c = -4*c + 708. Suppose 4*h - r*n = h + c, h - 5*n = 70. What are the prime factors of h?
2, 5
Let p = 12582 - -4072. List the prime factors of p.
2, 11, 757
Let h = -1704 + 5018. Suppose h = -30*x + 40424. List the prime factors of x.
1237
Suppose -5*k + 5232 = -2*k. Let a be 20/(-50) + k/10. Let g = 274 - a. List the prime factors of g.
2, 5
List the prime factors of (-138)/690 - (6036/5)/(-1).
17, 71
Let m be (-75)/(-6) + (-2 - 6/(-4)). Suppose -m = 3*d, -4*d = w - 540 + 118. Suppose w + 30 = 4*s. List the prime factors of s.
3, 13
Let w = -137 - -139. Let y(g) = 237*g + 31. What are the prime factors of y(w)?
5, 101
Suppose -16 = 4*k, 132802 = 5*u - 29*k + 21*k. What are the prime factors of u?
2, 11, 17, 71
Let k be (-2)/10 + (1797/(-15) - -3). Let i be k/(-26) + (3/(-2))/1. Suppose 172 + 666 = i*a + q, 2*a = 3*q + 577. List the prime factors of a.
281
Let i(q) = 856*q**2 + 1382*q + 18. What are the prime factors of i(-8)?
2, 3, 23, 317
Suppose 0*s + 68 = 34*s. Sup